398
Calculate the highest common divisor of 27 and 102411.
27
Calculate the highest common divisor of 20658 and 308.
22
What is the greatest common divisor of 1395189 and 18?
9
Calculate the greatest common divisor of 1269 and 538573.
47
Calculate the highest common factor of 231720 and 40.
40
What is the highest common divisor of 7555 and 5?
5
Calculate the highest common factor of 470205 and 215.
215
What is the highest common divisor of 24480 and 203320?
680
Calculate the greatest common factor of 2775 and 2257.
37
What is the highest common factor of 1627415 and 4175?
835
Calculate the greatest common divisor of 1949469 and 942.
471
What is the highest common divisor of 6783 and 3315?
51
What is the highest common factor of 33936 and 636?
12
Calculate the greatest common factor of 83192 and 80.
8
What is the highest common divisor of 73318 and 7?
7
Calculate the greatest common factor of 1355328 and 24.
24
What is the highest common divisor of 1 and 9161?
1
What is the highest common divisor of 355871 and 8604?
239
What is the greatest common divisor of 29770 and 115874?
458
Calculate the greatest common factor of 108 and 326412.
36
What is the highest common factor of 114137 and 1866?
311
Calculate the greatest common factor of 9448 and 1896.
8
Calculate the highest common factor of 2397 and 289.
17
Calculate the greatest common divisor of 6670 and 125.
5
What is the greatest common divisor of 6391 and 2079?
77
Calculate the greatest common factor of 15 and 30683535.
15
What is the greatest common factor of 4624 and 2023?
289
Calculate the greatest common factor of 95 and 373597.
19
Calculate the highest common divisor of 165495 and 708.
177
What is the greatest common divisor of 999 and 4887?
27
What is the highest common divisor of 22272 and 2064?
48
What is the highest common factor of 28189975 and 121?
121
What is the highest common factor of 37 and 4937?
1
What is the greatest common factor of 4200300 and 156?
156
What is the highest common factor of 36261 and 14229?
459
Calculate the greatest common divisor of 35038 and 26.
2
What is the greatest common divisor of 89 and 1007213?
89
Calculate the greatest common factor of 4814 and 10208.
58
What is the highest common divisor of 22925 and 20650?
175
What is the highest common factor of 4 and 8266?
2
Calculate the greatest common divisor of 43605 and 57.
57
What is the greatest common factor of 59 and 2658304?
59
Calculate the greatest common divisor of 180040 and 1960.
280
What is the highest common divisor of 1155 and 19415?
55
Calculate the highest common factor of 435 and 956855.
145
What is the greatest common factor of 67591 and 257?
257
What is the highest common factor of 10206 and 531?
9
What is the highest common factor of 176300 and 1?
1
What is the highest common factor of 30 and 74?
2
Calculate the highest common divisor of 500 and 152400.
100
What is the greatest common factor of 123582 and 129?
129
What is the greatest common divisor of 9869 and 1390?
139
What is the greatest common divisor of 105 and 2022?
3
Calculate the highest common factor of 135144 and 144.
72
Calculate the highest common divisor of 435766 and 2544.
106
What is the greatest common divisor of 15312 and 192?
48
Calculate the greatest common divisor of 19 and 1891.
1
What is the greatest common divisor of 1602 and 2492?
178
What is the greatest common factor of 27 and 282753?
9
What is the greatest common factor of 201816 and 144?
72
What is the highest common factor of 234 and 96588?
18
What is the greatest common factor of 91 and 12?
1
What is the highest common divisor of 82389 and 174?
87
What is the highest common factor of 31951 and 356?
89
Calculate the highest common factor of 110 and 3916.
22
What is the highest common factor of 3531539 and 22?
11
What is the greatest common factor of 2640 and 168?
24
Calculate the highest common divisor of 10879 and 148049.
473
What is the highest common divisor of 5552 and 64?
16
What is the greatest common factor of 13231 and 917?
131
What is the greatest common factor of 66 and 433554?
66
What is the highest common divisor of 62 and 86118?
62
Calculate the greatest common factor of 127629 and 29.
29
What is the highest common divisor of 27313 and 26?
13
Calculate the greatest common divisor of 400 and 25744.
16
What is the greatest common divisor of 8 and 1450784?
8
What is the greatest common factor of 11997306 and 414?
414
Calculate the greatest common divisor of 13827 and 154.
11
Calculate the highest common divisor of 1686555 and 1085.
155
Calculate the highest common factor of 67329 and 9.
9
Calculate the highest common factor of 248056 and 3232.
808
What is the greatest common factor of 25203181 and 113?
113
What is the greatest common factor of 21296 and 24?
8
Calculate the highest common factor of 123 and 613401.
123
What is the greatest common divisor of 850 and 639710?
170
Calculate the greatest common factor of 30318 and 110514.
978
Calculate the greatest common factor of 15746 and 2.
2
What is the greatest common factor of 3421 and 88?
11
Calculate the greatest common divisor of 320 and 4623040.
320
Calculate the greatest common factor of 109848 and 597.
597
Calculate the greatest common factor of 68 and 100997.
17
What is the highest common factor of 15936 and 306?
6
What is the highest common divisor of 11 and 30283?
11
Calculate the greatest common factor of 4069 and 21255.
13
What is the greatest common factor of 27800 and 700?
100
Calculate the highest common factor of 1265 and 18216.
253
What is the greatest common factor of 7536 and 26062?
314
What is the highest common factor of 306 and 8838?
18
What is the highest common factor of 34 and 454?
2
What is the greatest common divisor of 41819 and 5947?
19
What is the greatest common factor of 5 and 1041910?
5
What is the greatest common divisor of 8293 and 1?
1
Calculate the highest common divisor of 17 and 628337.
17
Calculate the greatest common divisor of 3058 and 278.
278
Calculate the highest common divisor of 262660 and 140.
20
What is the greatest common divisor of 96 and 965868?
12
What is the highest common factor of 29213 and 70691?
223
Calculate the greatest common divisor of 15 and 29275.
5
What is the highest common divisor of 282 and 3462?
6
What is the greatest common factor of 13157 and 14986?
59
Calculate the highest common divisor of 2142 and 102186.
126
Calculate the greatest common factor of 29260 and 38665.
1045
Calculate the highest common factor of 3899 and 2228.
557
What is the highest common divisor of 5312 and 3048?
8
Calculate the greatest common factor of 10 and 493450.
10
What is the greatest common factor of 7353 and 38?
19
Calculate the greatest common factor of 62 and 170438.
62
What is the highest common divisor of 1621473 and 147?
21
What is the highest common divisor of 11 and 77030?
1
Calculate the greatest common divisor of 234 and 540150.
78
Calculate the highest common divisor of 14 and 34097.
7
Calculate the greatest common factor of 9 and 214227.
9
Calculate the highest common factor of 2018357 and 11.
11
What is the highest common factor of 29610 and 12502?
658
Calculate the greatest common divisor of 2816 and 248576.
256
What is the greatest common divisor of 15851 and 1089?
121
What is the highest common factor of 246 and 9266?
82
What is the highest common divisor of 251 and 605914?
251
Calculate the greatest common divisor of 5494 and 68608.
134
What is the greatest common factor of 342 and 1577266?
38
Calculate the greatest common factor of 101843 and 49.
7
Calculate the greatest common factor of 795144 and 777.
21
What is the greatest common factor of 36 and 224892?
36
Calculate the greatest common divisor of 274329 and 81.
9
Calculate the greatest common factor of 246 and 420.
6
What is the highest common divisor of 889 and 581279?
127
Calculate the highest common factor of 1826 and 27058.
166
Calculate the greatest common divisor of 5364 and 468.
36
What is the greatest common factor of 60 and 3888?
12
Calculate the greatest common factor of 9 and 154701.
9
Calculate the highest common factor of 111 and 400.
1
Calculate the greatest common factor of 1076114 and 52.
26
What is the greatest common factor of 10481346 and 18?
18
Calculat